tens digit of b(20)?
4
Let g = 580 + 99. What is the units digit of g?
9
Let n be ((-48)/(-10))/(-2)*30/(-12). What is the units digit of (-2420)/(-8) - 3/n?
2
Suppose -3 = -3*p + 15. Suppose -5*h - p*h = -1947. What is the units digit of h?
7
Suppose 3*o - 2 - 4 = 0, 498 = 5*x - o. What is the hundreds digit of x?
1
Suppose 13 = 6*n - 17. Suppose 468 = n*f - 72. What is the tens digit of f?
0
Suppose -27 = -6*d + 3*d. Suppose 5*f = -3*w - d, 2*w + 3*f + 3 = -w. Suppose 5*n = 2*z - 11, -3 = w*z + 3*n - 22. What is the units digit of z?
8
Let f(x) = x**3 - 2*x**2 - 3*x - 7. Let o be f(5). Suppose p = o - 0. What is the units digit of p?
3
Suppose 20 = -5*s, 0*c - c - 5*s = 16. Let z(a) = -a**2 + 4 + 7*a - 2*a + a**3 - 3*a**2. What is the units digit of z(c)?
4
Suppose w = -m - 37, -5*w + 2*m - 22 = 191. Let j(y) = -y**2 - 73. Let f be j(0). Let s = w - f. What is the units digit of s?
2
Suppose 7*z = 2*x + 3*z - 12, 2*z = -4*x + 24. Let k = 10 - x. Suppose 5*y - 3*t - 30 = 0, k*y - 2*t - 24 = -0*t. What is the units digit of y?
6
Let g be (-945)/(-20) + (1 - (-10)/(-8)). Let i = g - -42. What is the tens digit of i?
8
Let x(r) = r**2 - 9*r - 1. Suppose l + 5 - 23 = -4*y, -4*l + 2*y = -90. Suppose 8*i - 6*i = l. What is the units digit of x(i)?
1
Suppose -275*g = -267*g - 5792. What is the tens digit of g?
2
Let z(u) = u**3 + 642*u + 2 + u**3 - 641*u - 2*u**2. What is the tens digit of z(3)?
4
Suppose 0 = -3*b + c - 2378 + 12120, 0 = 5*b - 4*c - 16225. What is the tens digit of b?
4
Suppose 66*o + 1110 = 72*o. What is the tens digit of o?
8
Suppose -24 = -4*f + 20. Let t(k) = -38*k + 17 + k**3 + 26*k + 0*k**3 + f*k**2. What is the tens digit of t(-12)?
1
Let p(t) = t**2 - t - 1. Let o(y) = -2*y**3 + 5*y**2 - 5*y - 6. Let x(h) = o(h) - 5*p(h). Let v be x(1). What is the tens digit of ((-1)/v)/(7/441)?
2
Let b be (-9 - 10)/(2/(-20)). Let x = -129 + b. What is the tens digit of x?
6
Let o(j) = -2*j**3 + 5*j**2 + 5*j - 6. Let w be o(4). Let f = -17 - w. What is the units digit of f?
7
Let t = -231 + 347. What is the hundreds digit of t?
1
Let g(r) = 44*r + 18. What is the tens digit of g(1)?
6
Let g(f) = f**3 + 7*f**2 - 9*f - 7. Let u be g(-8). Let b be 1/(-2)*-6*u. Suppose -w + 7 = b. What is the units digit of w?
4
Let x = -759 + 1071. What is the hundreds digit of x?
3
What is the units digit of 270*(0 - -2) - (-1 + -2)?
3
Let r = -62 - -108. Suppose 0*w - w = -4*u - r, 8 = 2*u. What is the tens digit of w?
6
Suppose 993 = n - 1726. What is the hundreds digit of n?
7
Let a(h) = h**3 + 40*h**2 + 22*h + 76. What is the hundreds digit of a(-39)?
7
Let p be (-18)/81 - (-2524)/18. Let v = p - 197. What is the units digit of v/(-2) + 57/(-38)?
7
Let a = -1909 - -4015. What is the hundreds digit of a?
1
Let b = -34 - -24. Let t be (b/5 - -2)/(-1). Suppose t = z - 20 - 37. What is the units digit of z?
7
Let q(x) = 9*x - 10. Let j(u) = -4*u**2 - 6*u + 14. Let g(r) = -3*r**2 - 6*r + 13. Let t(i) = 3*g(i) - 2*j(i). Let w be t(-7). What is the tens digit of q(w)?
2
Let d = 19 + -10. Suppose d*s - 1736 = s. What is the tens digit of s?
1
Suppose -562 = -f - k, -1115 = -2*f + 19*k - 24*k. What is the units digit of f?
5
What is the thousands digit of (85/15 + -3)/((-10)/(-24045))?
6
Suppose -4*y = -8 - 208. Suppose b - y = -4*q - b, -2 = 2*b. What is the units digit of q?
4
Suppose -d - 1742 = -3*s, -3*s + 2*s + 578 = d. Suppose -4*o + 3*o = -4*v + 469, 0 = 5*v + 5*o - s. What is the tens digit of v?
1
Let i(g) = -g**2 - 15*g + 12. Let w(c) = 1. Let f(o) = i(o) - 5*w(o). Let h = -20 + 13. What is the units digit of f(h)?
3
Suppose 3*w + 2*s - 298 = 0, 0 = 2*w - s + 18 - 205. Let b = w + 62. What is the tens digit of b?
5
Let p be ((-3)/2)/(-1) + 10/20. Suppose 0 = 4*m - 2*x - 256, 192 = 3*m - 0*x - p*x. What is the units digit of m?
4
Let y = 26 + -27. Let j = 9 + y. What is the units digit of j?
8
Suppose 4*p = 321 + 455. What is the units digit of p?
4
Suppose 2*v = -3*v + 3*x + 2845, -4*x = -3*v + 1718. What is the hundreds digit of v?
5
Suppose -2*b - d = -2353, 71*b - 5*d = 72*b - 1172. What is the hundreds digit of b?
1
Suppose 3*o - 17*q - 12107 = -19*q, 0 = -5*q - 10. What is the units digit of o?
7
Let w = 5 - 3. Suppose 2*t = -4*n + 764, 5*n - w*t - 962 = -t. Suppose -4*c = v - n, -4*v + 190 = 5*c - 61. What is the units digit of c?
7
Suppose 0 = -3*c - 5*k + 11, 4*k + 8 = 5*c + 2. Suppose h + 121 = c*h. What is the tens digit of h?
2
What is the tens digit of (2/2)/(-5 + (-2562)/(-511))?
7
Suppose -3*r + 54 + 66 = 0. Suppose 0 = -9*m + 905 + r. What is the tens digit of m?
0
Let j(o) = 5*o + 351. What is the units digit of j(30)?
1
Let s(m) = -191*m - 110. What is the units digit of s(-6)?
6
Suppose -10*g + 10212 = -6*g. What is the units digit of g?
3
Let q be 0/(2*(-1)/2). Suppose 0*f - 3*f + 42 = q. Let r(y) = y**3 - 15*y**2 + 16*y - 4. What is the units digit of r(f)?
4
Let z = -58 - -400. What is the tens digit of z?
4
Let l(d) = -d**3 + 7*d**2 - 6*d + 8. Let g be l(6). Let m(i) = 9*i. Let r be m(g). Suppose 0 = -q + 4*u + 42, 5*q - 3*q = 5*u + r. What is the tens digit of q?
2
Let i = 1356 - -60. What is the tens digit of i?
1
Let w be (-2 - 0/(-5)) + -8. Let g(o) = o**2 + 11*o - 10. Let d be g(w). What is the units digit of (-12)/(-20) + (-8)/d?
1
Let q(v) = -31*v - 3. Let y be q(-1). Let t = y - -147. What is the units digit of t?
5
Let v be ((-2)/(-1))/((-2)/(-3)). Let a = -307 + 322. Suppose 8*t = v*t + a. What is the units digit of t?
3
Suppose -3*u + 5 = -1. Suppose u*k + r - 303 = -0*k, 5*k = -2*r + 755. What is the tens digit of k?
4
What is the hundreds digit of (8 + 1)/(-18)*-262?
1
Let b be (2/(-6))/(((-20)/12)/5). What is the units digit of (-3)/(-1) + (-3 - (b + -105))?
4
Let m be (-8)/(-20) - 65/(-25). Suppose m*l + 3*l = 618. What is the units digit of l?
3
Suppose -4 = -6*u + 7*u. Let k(o) = 9*o + 4. Let l be k(u). Let h = 54 + l. What is the tens digit of h?
2
Suppose 0 = 4*p - 3*p. Suppose x + 69 = 2*s, p*x + 4*x = -s + 48. What is the tens digit of s?
3
Suppose 0 = -3*y + 2*i - 10, -2*y + 4*i + 0 = -4. What is the hundreds digit of 344/2 - (3 + y)?
1
Suppose -26*s - 15 = -23*s. Let o(y) = 3*y**2 - 7*y - 3. What is the tens digit of o(s)?
0
Let r(p) = -p**2 + 7*p - 15. Let z be r(6). Let h be (-25)/z - (-6)/27. What is the units digit of (-654)/(-9) - 2/h?
2
Let j(a) = 4*a**2 - 28*a - 4. Let m be j(7). Let t = -58 - -38. Let y = m - t. What is the tens digit of y?
1
Suppose -5*a - 15 = -4*q, -q + 3*q = 0. Let r(z) = 2*z**3 - z**2 - 5*z - 3. Let n be r(a). Let o = n - -72. What is the tens digit of o?
2
Let k be -23*(-21 + (-8)/(-4)). Suppose -k = -7*a + 144. What is the units digit of a?
3
Let f(c) = -3*c + 5. Let g be f(-5). Suppose -5*k + 5*x + 218 = x, -2*x - 224 = -5*k. Let s = k - g. What is the units digit of s?
6
Suppose 3*o + 2*w - 321 = 2558, -4*o + 2*w = -3834. What is the hundreds digit of o?
9
Suppose 615*a = 608*a + 19131. What is the thousands digit of a?
2
Let h(i) = -2*i**2 + i - 1. Let g be h(-3). What is the tens digit of g + 18 + (-132)/(-2)?
6
Suppose 11*a - 10*a - 230 = 0. Suppose -g + 5*g = 2*o - 170, -g = -3*o + a. What is the units digit of o?
5
What is the tens digit of ((-546)/(-12) + -6)*16?
3
Let p(j) = -501*j - 3. Let t be p(-3). Suppose -11*y = -17*y + t. What is the units digit of y?
0
Let n(k) = -7*k - 50. Let c be n(-8). Suppose 2*j = c*j - 440. What is the tens digit of j?
1
Let q = -5 + 9. Suppose 0 = q*x + 23 - 3. Let b(d) = d**2 + 3*d + 4. What is the tens digit of b(x)?
1
Let d be 2 + (-8)/(-3)*(-36)/8. What is the hundreds digit of ((-1078)/d - (-2)/10) + 0?
1
Let l(v) = 2*v**3 - v**2 - 11*v - 34. What is the units digit of l(8)?
8
Let n be ((-6)/3)/(2/(-3)). Suppose n*l = 5*l. Suppose l*k + 12 = k + 5*c, 0 = 3*c + 6. What is the units digit of k?
2
Let g be 0 + 6 + -1 + -3. Suppose -2*l = -6*l + g*z + 12, 12 = 4*l - 4*z. Suppose 3*t - l*x = -17 + 92, 2*x = 4. What is the tens digit of t?
2
Let y be (4/10)/((-4)/(-20)). Suppose 3 = i - y*b, b + 3*b = -3*i + 29. Suppose i*h = 2*h + 70. What is the tens digit of h?
1
Suppose -35*i = -31*i - 4*z - 6340, 3*z = 5*i - 7935. What is the tens digit of i?
9
Let j(f) = -20*f + 8*f - 20*f. What is the units digit of j(-1)?
2
Let r(c) = -c**2 